. Calculate the greatest common divisor of 35 and s.
35
Let z be 2/(-7) + (-89718)/(-266) + 3. Calculate the highest common factor of 425 and z.
85
Let g = 40 - -3. Let k = g - 38. What is the highest common divisor of 4 and k?
1
Let j = 3911 - 3885. Calculate the highest common factor of 39 and j.
13
Suppose 0 = 35*y - 40*y - 575. Let x = y + 126. Calculate the greatest common factor of x and 275.
11
Suppose c = 13 - 11. Let z = c + -32. Let w be (4 + -1 + -4)*z. What is the highest common factor of 50 and w?
10
Let o(v) = 5*v**2 - 82*v - 9. Let p be o(18). Suppose 5*m + 0*m = p. Calculate the greatest common factor of m and 9.
9
Let b be 146/3 + -4 + 4/(-6). Suppose 4 = -5*w + b. Let l = 204 + -140. What is the greatest common divisor of w and l?
8
Let c(i) be the first derivative of -3*i**2 - 172*i - 85. Let y be c(-38). Let b be -3*(-1)/((-3)/(-14)). Calculate the highest common divisor of b and y.
14
Suppose -3*w + 9 = 0, 2*j - 302*w + 298*w - 74 = 0. Let o(a) = -2*a**3 - 4*a**2 - 12*a - 15. Let k be o(-7). What is the highest common factor of j and k?
43
Suppose 3*b = -2*y - 2*y + 44, 0 = -b - 2*y + 18. Suppose -9*o = -284 - 40. What is the highest common divisor of b and o?
4
Let u be (4 - 52/12)*-21. Suppose 120 = n + 2*q + 3*q, 5 = 5*q. Let c be (-1)/2*6 + n. Calculate the greatest common divisor of u and c.
7
Suppose 2*i + 55*f = 57*f + 138, -3*f + 353 = 5*i. Calculate the highest common divisor of i and 154.
14
Let f(r) = r + r + 8 - 28 + 0. Let j be f(5). Let o be -1*j/15*15. What is the highest common factor of o and 30?
10
Let j = 862 - -1487. What is the greatest common factor of j and 81?
81
Let t be 10*((-432)/20)/6. Let d = -17 - t. Let b be d*(-3 + 5 - 1). What is the greatest common factor of b and 38?
19
Let u = -10 - -70. Let f = u - 55. Suppose -5*n = 3*y - 228, 175 = 6*n - 2*n - f*y. What is the highest common factor of 180 and n?
45
Suppose 426*k - 280 = 416*k. What is the greatest common factor of k and 259?
7
Suppose 0 = 125*t - 119*t - 18. Suppose 3*k = -15*q + 10*q + 129, 5*k = -t*q + 231. Calculate the greatest common factor of 64 and k.
16
Let f(q) = -2*q + 3*q + 2*q + 88 - 120. Let k be 36/63 - 174/(-14). Let y be f(k). Calculate the highest common factor of y and 7.
7
Let v(j) = -2215*j - 214. Let p be v(-1). What is the greatest common divisor of p and 138?
69
Let n = -175 - -166. Let p(o) = -3*o - 13. Let t be p(n). Calculate the highest common divisor of t and 7.
7
Suppose -v - f + 10 = 0, -5*v + f = -f - 50. Let d = 1575 - 1530. Calculate the greatest common factor of v and d.
5
Suppose -5*p = v - 101, -24 - 41 = -3*p - 5*v. Let a(i) = 18*i - 60. Let t = 867 + -862. Let h be a(t). Calculate the highest common divisor of p and h.
10
Let x(m) = -m**3 - 26*m**2 - 27*m - 50. Let k be x(-25). Suppose k = -5*b + 17 + 53. Calculate the greatest common factor of b and 7.
7
Let c = -27 + 51. Let t be ((-5)/20*2)/((-2)/28). Let s(h) = h**2 + 2*h - 27. Let i be s(t). Calculate the greatest common factor of c and i.
12
Let r(c) = -105*c**3 - 9*c**2 - 8*c + 1. Let w = 943 + -944. Let t be r(w). What is the greatest common factor of t and 1155?
105
Let z(c) = -c**2 + 10*c + 11. Let f = 82 - 82. Let q be 10 + (f - (1 - -3)). Let u be z(q). What is the greatest common divisor of 140 and u?
35
Let w = 7627 - 7593. What is the greatest common divisor of 8 and w?
2
Suppose 0 = -k + 4*x + 16, -3*k - k = 4*x - 144. Let f = 61816 - 61416. What is the highest common factor of k and f?
16
Let t be (-26 - -1172) + (0 - 11). Calculate the greatest common divisor of 1362 and t.
227
Suppose -12994 = -54*m - 3922. What is the greatest common divisor of 114 and m?
6
Suppose 0 = 2*b + 29*y - 30*y - 10, 3*y = -3*b - 3. Suppose 0*s + 2*s = b*z + 1212, 2*s - 1180 = -5*z. What is the highest common factor of 48 and s?
24
Suppose r + 5*b + 1 = 0, 0 = -2*r + 5*b - 1 - 1. Let s be ((-364)/(-28))/(r + 2). Calculate the highest common divisor of 13 and s.
13
Suppose 5*q = -2*u + 88, 4*q + 5*u = -0*q + 84. Let i = 5015 - 4963. What is the highest common divisor of i and q?
4
Let a(m) = m**3 + 51*m**2 - 108*m - 77. Let x be a(-53). What is the highest common divisor of x and 95?
1
Suppose 21 = -3*m, -62*d + 63*d - 2*m = 19. Calculate the highest common divisor of 811 and d.
1
Let s be 1/(15/129) + 12/30. Let r be s*65/60*8. Calculate the greatest common factor of r and 858.
78
Let p(l) = 13*l**2 + 31*l - 4. Let j be p(-4). Let q = j - -43. What is the greatest common divisor of 451 and q?
41
Suppose 7*f - 23*f = -96. Suppose -4*b - 163 = -3*v - f*b, 105 = 2*v + 5*b. What is the highest common divisor of v and 45?
5
Suppose -1707*y = -1704*y - 19899. Calculate the greatest common divisor of 297 and y.
99
Suppose -3*k = -42 - 42. Suppose -k = -0*j - j + z, -4*z - 84 = -3*j. What is the highest common factor of 7 and j?
7
Suppose -4*v = -9*v + 25. Suppose -3*f + 11*f - 80 = 0. Let r be (4 - f - 9)/(-1). Calculate the greatest common factor of r and v.
5
Let m be (-4655)/21 - ((-10)/(-3))/(-5). Let j = -211 - m. What is the greatest common factor of j and 270?
10
Let b be (-18 - 200/(-12))/((-1)/288). Calculate the highest common divisor of 2256 and b.
48
Let l(g) = 4*g + 74. Let u(h) = -h**3 - 4*h**2 + 33*h - 4. Let a be u(-8). Let t be l(a). What is the greatest common divisor of t and 13?
13
Let u = -71 - -72. Let w be (-2)/u + 1 - (-5 - -2). Suppose m - 6 = r, 5*r = w*m - 0*r - 27. What is the greatest common factor of m and 9?
1
Let z be (-2 - -117) + (-4)/(-1). Suppose 13*r = 14*r - z. Calculate the greatest common factor of 34 and r.
17
Let r be 1/(-2)*(-60)/6. Suppose 2*w - 3*o - 4 = r, 0 = -5*w - 3*o + 12. Suppose -2*f - w = -5*f. Calculate the highest common factor of 11 and f.
1
Let o(t) = -t**2 - 6*t + 4. Let a be o(-6). Let k be 2 + ((-9)/1 - -1) + (8 - -42). What is the highest common divisor of a and k?
4
Let x = 2511 + -2475. Let t = 304 - 52. Calculate the highest common divisor of x and t.
36
Let g(i) = 98*i - 1265. Let y be g(15). Calculate the greatest common factor of 2214 and y.
41
Let z(y) = 8*y**2 + 42*y + 241. Let n be z(-15). What is the highest common factor of 17 and n?
17
Let a = 285 + -281. Suppose a*g - 793 = 1247. Calculate the highest common factor of 30 and g.
30
Let i(v) = -2*v**3 - 5*v**2 - 5*v - 4. Let s be i(-4). Let p = 27 + -92. Let t = p + 193. What is the highest common divisor of s and t?
64
Let m be ((-2960)/200)/(23/(-460)). Let p be 6*(-6)/(-4) - 1. Calculate the greatest common factor of m and p.
8
Let w(d) = 3*d**2 + 99*d + 78. Let v be w(-38). Calculate the greatest common factor of v and 1032.
24
Let g be ((-18)/(-4))/(8 + (-11512)/1440). Calculate the highest common factor of 12 and g.
6
Let t = -5053 + 5606. Calculate the highest common divisor of t and 28.
7
Let n(j) = 4*j**2 - 7*j - 90. Let a be n(-17). What is the highest common divisor of a and 60?
15
Let l(u) = 3*u - 100. Let v be l(0). Suppose 460 = -a + 5*a. Let w = v + a. Calculate the highest common divisor of w and 3.
3
Let o be ((-20664)/(-82))/((-1)/(-1)). Calculate the greatest common divisor of o and 1134.
126
Let z(h) = -3*h**3 + 2*h**2 + 2*h + 2. Let x be z(-2). Let y = 618 - 498. Calculate the greatest common divisor of x and y.
30
Let v be 2/((-16)/4) - (-9612)/8. Let m = -1626 - -810. Let a = m + v. Calculate the highest common factor of a and 35.
35
Suppose 0 = -3*v - 141 - 303. Let t = v + 75. Let y = -34 - t. What is the highest common divisor of 26 and y?
13
Let r(k) = -k**3 + 15*k**2 + 87*k + 66. Let v be r(19). Calculate the greatest common factor of 1175 and v.
25
Let v = -139 - -139. Suppose -22*a + 15805 + 3929 = v. What is the highest common divisor of 39 and a?
39
Let n = -12181 - -13247. What is the highest common divisor of n and 246?
82
Suppose 3*p - p = -6, -3*p = -j + 29. Suppose -7*m + 60 = -3*m. Let i be (m/(-2))/(3*(-5)/100). What is the greatest common factor of i and j?
10
Let w = -10551 + 10781. What is the highest common factor of 575 and w?
115
Let a(z) = -z. Let d(v) = -23*v - 33. Let k(l) = -6*a(l) - d(l). Let y be k(11). Suppose -11*x + y = -3*x. Calculate the highest common divisor of x and 8.
4
Let n be (-8 + 5)/(1/(-7)). Suppose -k + n*k = 80. Let x(m) = -4*m + 24. Let c be x(-4). What is the highe